{"id":1078,"date":"2024-06-21T12:11:33","date_gmt":"2024-06-21T10:11:33","guid":{"rendered":"https:\/\/bordonedelpellegrino.it\/?page_id=1078"},"modified":"2024-12-10T21:08:45","modified_gmt":"2024-12-10T20:08:45","slug":"liquore-corniolo-del-bordone","status":"publish","type":"page","link":"https:\/\/bordonedelpellegrino.it\/index.php\/liquore-corniolo-del-bordone\/","title":{"rendered":"Corniolo"},"content":{"rendered":"<div class=\"wp-block-media-text is-stacked-on-mobile is-image-fill-element\"><figure class=\"wp-block-media-text__media\"><img loading=\"lazy\" decoding=\"async\" width=\"576\" height=\"1024\" src=\"https:\/\/bordonedelpellegrino.it\/wp-content\/uploads\/2023\/07\/20221025_232605-01-576x1024.jpeg\" alt=\"\" class=\"wp-image-790 size-full\" style=\"object-position:50% 50%\" srcset=\"https:\/\/bordonedelpellegrino.it\/wp-content\/uploads\/2023\/07\/20221025_232605-01-576x1024.jpeg 576w, https:\/\/bordonedelpellegrino.it\/wp-content\/uploads\/2023\/07\/20221025_232605-01-scaled-892x1586.jpeg 892w, https:\/\/bordonedelpellegrino.it\/wp-content\/uploads\/2023\/07\/20221025_232605-01-169x300.jpeg 169w, https:\/\/bordonedelpellegrino.it\/wp-content\/uploads\/2023\/07\/20221025_232605-01-scaled.jpeg 1440w\" sizes=\"auto, (max-width: 576px) 100vw, 576px\" \/><\/figure><div class=\"wp-block-media-text__content\"><p>La raccolta dei cornioli avviene alla fine dell&#8217;estate, quando le giornate iniziano a farsi pi\u00f9 fresche e la luce del sole assume una tonalit\u00e0 dorata e avvolgente. \u00c8 un periodo magico in cui la natura si prepara lentamente all&#8217;autunno, regalando i suoi ultimi frutti maturi e succosi.<\/p>\n\n<p>Il liquore di corniolo si presenta in tutta la sua bellezza con un colore rosso rubino, brillante e intenso, che cattura immediatamente l&#8217;occhio. Versato in un bicchiere, il liquore scintilla, riflettendo la luce come un prezioso gioiello liquido. <\/p>\n\n<p>Al naso, offre un bouquet complesso e avvolgente: le note di frutta rossa matura, come ciliegie e ribes, emergono con forza, accompagnate da delicate sfumature di mandorla e una leggera speziatura che richiama la vaniglia e le erbe aromatiche.<\/p>\n\n<p>Assaporando il liquore, si percepisce immediatamente la sua morbidezza e rotondit\u00e0. La dolcezza naturale \u00e8 perfettamente bilanciata dall&#8217;acidit\u00e0 caratteristica del corniolo, creando un&#8217;armonia di sapori che danza sul palato.<\/p>\n\n<p>Le note fruttate si fondono in un crescendo di sensazioni, lasciando spazio a un leggero retrogusto astringente e a una sottile traccia di spezie che completa l&#8217;esperienza degustativa. Il finale \u00e8 lungo e persistente, con un retrogusto fruttato che lascia una sensazione di freschezza e pulizia in bocca.<\/p><\/div><\/div><div class=\"wp-block-media-text has-media-on-the-right is-stacked-on-mobile is-image-fill-element\"><div class=\"wp-block-media-text__content\"><p>Ma il liquore di corniolo non \u00e8 solo una delizia per i sensi; \u00e8 anche un concentrato di benefici per la salute. I frutti di corniolo sono ricchi di antiossidanti, in particolare di antociani e vitamina C, vitamina A, potassio e ferro che aiutano a combattere i radicali liberi e a proteggere le cellule dallo stress ossidativo.<\/p>\n\n<p>Tradizionalmente, viene servito come digestivo a fine pasto offrendo una piacevole conclusione ai pasti. Tuttavia pu\u00f2 essere un ingrediente sorprendente in cocktail creativi, aggiungendo un tocco di eleganza e un sapore distintivo a diverse miscele.<\/p>\n\n<p>Culturalmente, la produzione del liquore di corniolo \u00e8 una pratica che affonda le radici nella tradizione. In molte regioni, questa arte \u00e8 tramandata di generazione in generazione, simbolo di artigianalit\u00e0 e di connessione profonda con il territorio.<\/p><\/div><figure class=\"wp-block-media-text__media\"><img loading=\"lazy\" decoding=\"async\" width=\"576\" height=\"1024\" src=\"https:\/\/bordonedelpellegrino.it\/wp-content\/uploads\/2023\/07\/20210912_235419-01-576x1024.jpeg\" alt=\"\" class=\"wp-image-780 size-full\" style=\"object-position:50% 50%\" srcset=\"https:\/\/bordonedelpellegrino.it\/wp-content\/uploads\/2023\/07\/20210912_235419-01-576x1024.jpeg 576w, https:\/\/bordonedelpellegrino.it\/wp-content\/uploads\/2023\/07\/20210912_235419-01-892x1586.jpeg 892w, https:\/\/bordonedelpellegrino.it\/wp-content\/uploads\/2023\/07\/20210912_235419-01-169x300.jpeg 169w, https:\/\/bordonedelpellegrino.it\/wp-content\/uploads\/2023\/07\/20210912_235419-01-768x1365.jpeg 768w, https:\/\/bordonedelpellegrino.it\/wp-content\/uploads\/2023\/07\/20210912_235419-01-864x1536.jpeg 864w, https:\/\/bordonedelpellegrino.it\/wp-content\/uploads\/2023\/07\/20210912_235419-01-1152x2048.jpeg 1152w, https:\/\/bordonedelpellegrino.it\/wp-content\/uploads\/2023\/07\/20210912_235419-01-1320x2347.jpeg 1320w, https:\/\/bordonedelpellegrino.it\/wp-content\/uploads\/2023\/07\/20210912_235419-01-scaled.jpeg 1440w\" sizes=\"auto, (max-width: 576px) 100vw, 576px\" \/><\/figure><\/div><h3 class=\"wp-block-heading has-text-align-center\">Scheda tecnica<\/h3><div class=\"wp-block-media-text is-stacked-on-mobile is-vertically-aligned-center\" style=\"grid-template-columns:36% auto\"><figure class=\"wp-block-media-text__media\"><img loading=\"lazy\" decoding=\"async\" width=\"800\" height=\"800\" src=\"https:\/\/bordonedelpellegrino.it\/wp-content\/uploads\/2023\/08\/Eticetta-Nocino.jpg\" alt=\"\" class=\"wp-image-988 size-full\" srcset=\"https:\/\/bordonedelpellegrino.it\/wp-content\/uploads\/2023\/08\/Eticetta-Nocino.jpg 800w, https:\/\/bordonedelpellegrino.it\/wp-content\/uploads\/2023\/08\/Eticetta-Nocino-100x100.jpg 100w, https:\/\/bordonedelpellegrino.it\/wp-content\/uploads\/2023\/08\/Eticetta-Nocino-300x300.jpg 300w, https:\/\/bordonedelpellegrino.it\/wp-content\/uploads\/2023\/08\/Eticetta-Nocino-150x150.jpg 150w, https:\/\/bordonedelpellegrino.it\/wp-content\/uploads\/2023\/08\/Eticetta-Nocino-768x768.jpg 768w\" sizes=\"auto, (max-width: 800px) 100vw, 800px\" \/><\/figure><div class=\"wp-block-media-text__content\"><p><\/p>\n\n<figure class=\"wp-block-table\"><table><tbody><tr><td>Ingredienti<\/td><td>Alcool, Acqua, Zucchero<br>,Corniolo (<strong>Cornus mas<\/strong>)<\/td><\/tr><tr><td>Tipologia<\/td><td>Liquore<\/td><\/tr><tr><td>Zona di produzione<\/td><td>Castello di Casola<br>Terenzo (PR)<br>Emilia Romagna<\/td><\/tr><tr><td>Metodo di produzione<\/td><td>Infusione idroalcolica di bacche di Corniolo<\/td><\/tr><tr><td>Grado Alcolico<\/td><td>39\u00b0<\/td><\/tr><tr><td>Contenuto<\/td><td>50 Cl.<\/td><\/tr><\/tbody><\/table><\/figure><\/div><\/div><h3 class=\"wp-block-heading has-text-align-center\">Caratteristiche organolettiche<\/h3><div class=\"wp-block-media-text has-media-on-the-right is-stacked-on-mobile is-image-fill-element\" style=\"grid-template-columns:auto 33%\"><div class=\"wp-block-media-text__content\"><p><\/p>\n\n<figure class=\"wp-block-table\"><table><tbody><tr><td>Vista<\/td><td>Rubino<\/td><\/tr><tr><td>Olfatto<\/td><td>Fine<\/td><\/tr><tr><td>Gusto<\/td><td>Morbido e rotondo<\/td><\/tr><tr><td>Abbinamenti<\/td><td>Digestivo a fine pasto<\/td><\/tr><tr><td>Temperatura di servizio<\/td><td>13\u00b0 C o ghiacciato<\/td><\/tr><tr><td>Bicchiere consigliato<\/td><td>Bicchiere Amaro\/mescita Piemontese Cl. 10<\/td><\/tr><\/tbody><\/table><\/figure><\/div><figure class=\"wp-block-media-text__media\"><img loading=\"lazy\" decoding=\"async\" width=\"576\" height=\"1024\" src=\"https:\/\/bordonedelpellegrino.it\/wp-content\/uploads\/2023\/08\/20210501_195535-01-576x1024.jpeg\" alt=\"\" class=\"wp-image-989 size-full\" style=\"object-position:50% 50%\" srcset=\"https:\/\/bordonedelpellegrino.it\/wp-content\/uploads\/2023\/08\/20210501_195535-01-576x1024.jpeg 576w, https:\/\/bordonedelpellegrino.it\/wp-content\/uploads\/2023\/08\/20210501_195535-01-892x1586.jpeg 892w, https:\/\/bordonedelpellegrino.it\/wp-content\/uploads\/2023\/08\/20210501_195535-01-169x300.jpeg 169w, https:\/\/bordonedelpellegrino.it\/wp-content\/uploads\/2023\/08\/20210501_195535-01-768x1365.jpeg 768w, https:\/\/bordonedelpellegrino.it\/wp-content\/uploads\/2023\/08\/20210501_195535-01-864x1536.jpeg 864w, https:\/\/bordonedelpellegrino.it\/wp-content\/uploads\/2023\/08\/20210501_195535-01-1152x2048.jpeg 1152w, https:\/\/bordonedelpellegrino.it\/wp-content\/uploads\/2023\/08\/20210501_195535-01-1320x2347.jpeg 1320w, https:\/\/bordonedelpellegrino.it\/wp-content\/uploads\/2023\/08\/20210501_195535-01-scaled.jpeg 1440w\" sizes=\"auto, (max-width: 576px) 100vw, 576px\" \/><\/figure><\/div><div class=\"wp-block-columns is-layout-flex wp-container-core-columns-is-layout-9d6595d7 wp-block-columns-is-layout-flex\"><div class=\"wp-block-column is-layout-flow wp-block-column-is-layout-flow\" style=\"flex-basis:1%\"><figure class=\"wp-block-image size-full is-resized\"><img loading=\"lazy\" decoding=\"async\" width=\"1000\" height=\"1014\" src=\"https:\/\/bordonedelpellegrino.it\/wp-content\/uploads\/2023\/08\/LogoVinoGravidanza.jpg\" alt=\"\" class=\"wp-image-1002\" style=\"width:44px;height:undefinedpx\" srcset=\"https:\/\/bordonedelpellegrino.it\/wp-content\/uploads\/2023\/08\/LogoVinoGravidanza.jpg 1000w, https:\/\/bordonedelpellegrino.it\/wp-content\/uploads\/2023\/08\/LogoVinoGravidanza-100x100.jpg 100w, https:\/\/bordonedelpellegrino.it\/wp-content\/uploads\/2023\/08\/LogoVinoGravidanza-892x904.jpg 892w, https:\/\/bordonedelpellegrino.it\/wp-content\/uploads\/2023\/08\/LogoVinoGravidanza-296x300.jpg 296w, https:\/\/bordonedelpellegrino.it\/wp-content\/uploads\/2023\/08\/LogoVinoGravidanza-768x779.jpg 768w\" sizes=\"auto, (max-width: 1000px) 100vw, 1000px\" \/><\/figure><\/div>\n\n<div class=\"wp-block-column is-layout-flow wp-block-column-is-layout-flow\" style=\"flex-basis:99%\"><p>Il consumo di bevande alcoliche durante la gravidanza, anche in piccole quantit\u00e0, pu\u00f2 avere gravi conseguenze per la salute del bambino.<\/p><\/div><\/div><div class=\"wp-block-columns is-layout-flex wp-container-core-columns-is-layout-9d6595d7 wp-block-columns-is-layout-flex\"><div class=\"wp-block-column is-layout-flow wp-block-column-is-layout-flow\" style=\"flex-basis:1%\"><figure class=\"wp-block-image size-full is-resized\"><img loading=\"lazy\" decoding=\"async\" width=\"64\" height=\"64\" src=\"https:\/\/bordonedelpellegrino.it\/wp-content\/uploads\/2023\/08\/planet-earth-small.png\" alt=\"\" class=\"wp-image-1001\" style=\"width:44px;height:undefinedpx\"\/><\/figure><\/div>\n\n<div class=\"wp-block-column is-layout-flow wp-block-column-is-layout-flow\" style=\"flex-basis:99%\"><p>Per tutte le lavorazioni utilizziamo solo energia derivante da fonti rinnovabili e l&#8217;acqua proveniente dalle fonti locali.<\/p><\/div><\/div><h3 class=\"wp-block-heading has-text-align-center\">Raccolta differenziata per un corretto smaltimento<\/h3><figure class=\"wp-block-image size-large\"><img loading=\"lazy\" decoding=\"async\" width=\"1024\" height=\"483\" src=\"https:\/\/bordonedelpellegrino.it\/wp-content\/uploads\/2024\/06\/Etichetta-Riciclo-1024x483.png\" alt=\"\" class=\"wp-image-1157\" srcset=\"https:\/\/bordonedelpellegrino.it\/wp-content\/uploads\/2024\/06\/Etichetta-Riciclo-1024x483.png 1024w, https:\/\/bordonedelpellegrino.it\/wp-content\/uploads\/2024\/06\/Etichetta-Riciclo-892x421.png 892w, https:\/\/bordonedelpellegrino.it\/wp-content\/uploads\/2024\/06\/Etichetta-Riciclo-300x142.png 300w, https:\/\/bordonedelpellegrino.it\/wp-content\/uploads\/2024\/06\/Etichetta-Riciclo-768x362.png 768w, https:\/\/bordonedelpellegrino.it\/wp-content\/uploads\/2024\/06\/Etichetta-Riciclo-1320x623.png 1320w, https:\/\/bordonedelpellegrino.it\/wp-content\/uploads\/2024\/06\/Etichetta-Riciclo.png 1412w\" sizes=\"auto, (max-width: 1024px) 100vw, 1024px\" \/><\/figure>","protected":false},"excerpt":{"rendered":"<p>La raccolta dei cornioli avviene alla fine dell&#8217;estate, quando le giornate iniziano a farsi pi\u00f9 fresche e la luce del sole assume una tonalit\u00e0 dorata e avvolgente. \u00c8 un periodo magico in cui la natura si prepara lentamente all&#8217;autunno, regalando i suoi ultimi frutti maturi e succosi. Il liquore di corniolo si presenta in tutta [&hellip;]<\/p>\n","protected":false},"author":1,"featured_media":1004,"parent":0,"menu_order":0,"comment_status":"closed","ping_status":"closed","template":"","meta":{"om_disable_all_campaigns":false,"_monsterinsights_skip_tracking":false,"_monsterinsights_sitenote_active":false,"_monsterinsights_sitenote_note":"","_monsterinsights_sitenote_category":0,"_uf_show_specific_survey":0,"_uf_disable_surveys":false,"footnotes":""},"class_list":["post-1078","page","type-page","status-publish","has-post-thumbnail","hentry"],"aioseo_notices":[],"jetpack_sharing_enabled":true,"_links":{"self":[{"href":"https:\/\/bordonedelpellegrino.it\/index.php\/wp-json\/wp\/v2\/pages\/1078","targetHints":{"allow":["GET"]}}],"collection":[{"href":"https:\/\/bordonedelpellegrino.it\/index.php\/wp-json\/wp\/v2\/pages"}],"about":[{"href":"https:\/\/bordonedelpellegrino.it\/index.php\/wp-json\/wp\/v2\/types\/page"}],"author":[{"embeddable":true,"href":"https:\/\/bordonedelpellegrino.it\/index.php\/wp-json\/wp\/v2\/users\/1"}],"replies":[{"embeddable":true,"href":"https:\/\/bordonedelpellegrino.it\/index.php\/wp-json\/wp\/v2\/comments?post=1078"}],"version-history":[{"count":6,"href":"https:\/\/bordonedelpellegrino.it\/index.php\/wp-json\/wp\/v2\/pages\/1078\/revisions"}],"predecessor-version":[{"id":1258,"href":"https:\/\/bordonedelpellegrino.it\/index.php\/wp-json\/wp\/v2\/pages\/1078\/revisions\/1258"}],"wp:featuredmedia":[{"embeddable":true,"href":"https:\/\/bordonedelpellegrino.it\/index.php\/wp-json\/wp\/v2\/media\/1004"}],"wp:attachment":[{"href":"https:\/\/bordonedelpellegrino.it\/index.php\/wp-json\/wp\/v2\/media?parent=1078"}],"curies":[{"name":"wp","href":"https:\/\/api.w.org\/{rel}","templated":true}]}}