{"id":1076,"date":"2024-06-30T10:04:55","date_gmt":"2024-06-30T08:04:55","guid":{"rendered":"https:\/\/bordonedelpellegrino.it\/?page_id=1076"},"modified":"2024-07-03T22:05:17","modified_gmt":"2024-07-03T20:05:17","slug":"folium-ciliegio","status":"publish","type":"page","link":"https:\/\/bordonedelpellegrino.it\/index.php\/folium-ciliegio\/","title":{"rendered":"Folium Ciliegio"},"content":{"rendered":"<div class=\"wp-block-media-text is-stacked-on-mobile is-image-fill\"><figure class=\"wp-block-media-text__media\" style=\"background-image:url(https:\/\/bordonedelpellegrino.it\/wp-content\/uploads\/2024\/06\/FoglieCiliegio2.png);background-position:50% 50%\"><img loading=\"lazy\" decoding=\"async\" width=\"686\" height=\"910\" src=\"https:\/\/bordonedelpellegrino.it\/wp-content\/uploads\/2024\/06\/FoglieCiliegio2.png\" alt=\"\" class=\"wp-image-1144 size-full\" srcset=\"https:\/\/bordonedelpellegrino.it\/wp-content\/uploads\/2024\/06\/FoglieCiliegio2.png 686w, https:\/\/bordonedelpellegrino.it\/wp-content\/uploads\/2024\/06\/FoglieCiliegio2-226x300.png 226w\" sizes=\"auto, (max-width: 686px) 100vw, 686px\" \/><\/figure><div class=\"wp-block-media-text__content\"><p>Il Liquore alle Foglie di Ciliegia \u00e8 un raffinato liquore artigianale che celebra la tradizione e la natura. Prodotto con cura utilizzando foglie di ciliegia selezionate a mano, questo liquore si distingue per il suo sapore unico e affascinante. Le foglie vengono raccolte al culmine della loro freschezza e infuse con vino e alcol di alta qualit\u00e0, permettendo di estrarre e concentrare i delicati aromi naturali delle ciliegie.<\/p>\n\n<p>All&#8217;esame visivo, il liquore si presenta con un colore rosso rubino, brillante e limpido, che riflette la purezza e la freschezza delle foglie di ciliegia. Al naso, il bouquet olfattivo \u00e8 complesso e intrigante, con note erbacee predominanti, arricchite da un delicato profumo floreale e da sfumature di mandorla amara. Questi aromi si fondono armoniosamente, creando una sensazione olfattiva che evoca i profumi di un giardino primaverile.<\/p><\/div><\/div><div class=\"wp-block-media-text has-media-on-the-right is-stacked-on-mobile is-image-fill\"><div class=\"wp-block-media-text__content\"><p>In bocca, il liquore alle Foglie di Ciliegia offre un&#8217;esperienza gustativa sorprendente. Il sapore iniziale \u00e8 dolce e leggermente amaro, con una freschezza erbacea che avvolge il palato. Le note di ciliegia si rivelano lentamente, accompagnate da un retrogusto leggermente mandorlato che conferisce profondit\u00e0 e complessit\u00e0 al liquore. La consistenza \u00e8 morbida e vellutata, con un corpo equilibrato che lascia una sensazione di piacevole leggerezza e un finale lungo e aromatico.<\/p>\n\n<p>Questo liquore pu\u00f2 essere gustato in vari modi, adattandosi a diverse occasioni e preferenze. Servito liscio, a temperatura ambiente o leggermente raffreddato, permette di apprezzare appieno la sua complessit\u00e0 aromatica e la sua struttura vellutata. Versato su ghiaccio, il Liquore alle Foglie di Ciliegia offre una freschezza rinfrescante che esalta le sue note erbacee e floreali.<\/p>\n\n<p>\u00c8 un ingrediente ideale per cocktail innovativi, aggiungendo un tocco distintivo a un Martini o a un cocktail a base di agrumi e spezie. Inoltre, si abbina perfettamente con dessert e dolci, come torte alla frutta, biscotti alle mandorle o gelato alla vaniglia, esaltando i sapori con la sua dolcezza raffinata.<\/p><\/div><figure class=\"wp-block-media-text__media\" style=\"background-image:url(https:\/\/bordonedelpellegrino.it\/wp-content\/uploads\/2024\/06\/FoglieCiliegio1.png);background-position:50% 50%\"><img loading=\"lazy\" decoding=\"async\" width=\"1016\" height=\"761\" src=\"https:\/\/bordonedelpellegrino.it\/wp-content\/uploads\/2024\/06\/FoglieCiliegio1.png\" alt=\"\" class=\"wp-image-1143 size-full\" srcset=\"https:\/\/bordonedelpellegrino.it\/wp-content\/uploads\/2024\/06\/FoglieCiliegio1.png 1016w, https:\/\/bordonedelpellegrino.it\/wp-content\/uploads\/2024\/06\/FoglieCiliegio1-892x668.png 892w, https:\/\/bordonedelpellegrino.it\/wp-content\/uploads\/2024\/06\/FoglieCiliegio1-300x225.png 300w, https:\/\/bordonedelpellegrino.it\/wp-content\/uploads\/2024\/06\/FoglieCiliegio1-768x575.png 768w\" sizes=\"auto, (max-width: 1016px) 100vw, 1016px\" \/><\/figure><\/div><h3 class=\"wp-block-heading\">Scheda tecnica<\/h3><div class=\"wp-block-media-text is-stacked-on-mobile is-vertically-aligned-center\" style=\"grid-template-columns:36% auto\"><figure class=\"wp-block-media-text__media\"><img loading=\"lazy\" decoding=\"async\" width=\"800\" height=\"800\" src=\"https:\/\/bordonedelpellegrino.it\/wp-content\/uploads\/2023\/08\/Eticetta-Nocino.jpg\" alt=\"\" class=\"wp-image-988 size-full\" srcset=\"https:\/\/bordonedelpellegrino.it\/wp-content\/uploads\/2023\/08\/Eticetta-Nocino.jpg 800w, https:\/\/bordonedelpellegrino.it\/wp-content\/uploads\/2023\/08\/Eticetta-Nocino-100x100.jpg 100w, https:\/\/bordonedelpellegrino.it\/wp-content\/uploads\/2023\/08\/Eticetta-Nocino-300x300.jpg 300w, https:\/\/bordonedelpellegrino.it\/wp-content\/uploads\/2023\/08\/Eticetta-Nocino-150x150.jpg 150w, https:\/\/bordonedelpellegrino.it\/wp-content\/uploads\/2023\/08\/Eticetta-Nocino-768x768.jpg 768w\" sizes=\"auto, (max-width: 800px) 100vw, 800px\" \/><\/figure><div class=\"wp-block-media-text__content\"><p><\/p>\n\n<figure class=\"wp-block-table\"><table><tbody><tr><td>Ingredienti<\/td><td>Vino Rosso, Zucchero, Alcool,<br>Foglie di Ciliegio<br>(<em>Prunus avium<\/em>)<\/td><\/tr><tr><td>Tipologia<\/td><td>Liquore<\/td><\/tr><tr><td>Zona di produzione<\/td><td>Castello di Casola<br>Terenzo (PR)<br>Emilia Romagna<\/td><\/tr><tr><td>Metodo di produzione<\/td><td>Infusione idroalcolica di foglie di ciliegio<\/td><\/tr><tr><td>Grado Alcolico<\/td><td>37\u00b0<\/td><\/tr><tr><td>Contenuto<\/td><td>50 Cl.<\/td><\/tr><\/tbody><\/table><\/figure><\/div><\/div><h3 class=\"wp-block-heading\">Caratteristiche organolettiche<\/h3><div class=\"wp-block-media-text has-media-on-the-right is-stacked-on-mobile is-image-fill\" style=\"grid-template-columns:auto 33%\"><div class=\"wp-block-media-text__content\"><p><\/p>\n\n<figure class=\"wp-block-table\"><table><tbody><tr><td>Vista<\/td><td>Rubino<\/td><\/tr><tr><td>Olfatto<\/td><td>Note erbacee predominanti, delicato profumo floreale e sfumature di mandorla amara<\/td><\/tr><tr><td>Gusto<\/td><td>dolce e leggermente amaro<\/td><\/tr><tr><td>Abbinamenti<\/td><td>Digestivo a fine pasto<\/td><\/tr><tr><td>Temperatura di servizio<\/td><td>13\u00b0 C o ghiacciato<\/td><\/tr><tr><td>Bicchiere consigliato<\/td><td>Bicchiere Amaro\/mescita Piemontese Cl. 10<\/td><\/tr><\/tbody><\/table><\/figure><\/div><figure class=\"wp-block-media-text__media\" style=\"background-image:url(https:\/\/bordonedelpellegrino.it\/wp-content\/uploads\/2023\/08\/20210501_195535-01-576x1024.jpeg);background-position:50% 50%\"><img loading=\"lazy\" decoding=\"async\" width=\"576\" height=\"1024\" src=\"https:\/\/bordonedelpellegrino.it\/wp-content\/uploads\/2023\/08\/20210501_195535-01-576x1024.jpeg\" alt=\"\" class=\"wp-image-989 size-full\" srcset=\"https:\/\/bordonedelpellegrino.it\/wp-content\/uploads\/2023\/08\/20210501_195535-01-576x1024.jpeg 576w, https:\/\/bordonedelpellegrino.it\/wp-content\/uploads\/2023\/08\/20210501_195535-01-892x1586.jpeg 892w, https:\/\/bordonedelpellegrino.it\/wp-content\/uploads\/2023\/08\/20210501_195535-01-169x300.jpeg 169w, https:\/\/bordonedelpellegrino.it\/wp-content\/uploads\/2023\/08\/20210501_195535-01-768x1365.jpeg 768w, https:\/\/bordonedelpellegrino.it\/wp-content\/uploads\/2023\/08\/20210501_195535-01-864x1536.jpeg 864w, https:\/\/bordonedelpellegrino.it\/wp-content\/uploads\/2023\/08\/20210501_195535-01-1152x2048.jpeg 1152w, https:\/\/bordonedelpellegrino.it\/wp-content\/uploads\/2023\/08\/20210501_195535-01-1320x2347.jpeg 1320w, https:\/\/bordonedelpellegrino.it\/wp-content\/uploads\/2023\/08\/20210501_195535-01-scaled.jpeg 1440w\" sizes=\"auto, (max-width: 576px) 100vw, 576px\" \/><\/figure><\/div><div class=\"wp-block-columns is-layout-flex wp-container-core-columns-is-layout-9d6595d7 wp-block-columns-is-layout-flex\"><div class=\"wp-block-column is-layout-flow wp-block-column-is-layout-flow\" style=\"flex-basis:1%\"><figure class=\"wp-block-image size-full is-resized\"><img loading=\"lazy\" decoding=\"async\" width=\"1000\" height=\"1014\" src=\"https:\/\/bordonedelpellegrino.it\/wp-content\/uploads\/2023\/08\/LogoVinoGravidanza.jpg\" alt=\"\" class=\"wp-image-1002\" style=\"width:44px;height:undefinedpx\" srcset=\"https:\/\/bordonedelpellegrino.it\/wp-content\/uploads\/2023\/08\/LogoVinoGravidanza.jpg 1000w, https:\/\/bordonedelpellegrino.it\/wp-content\/uploads\/2023\/08\/LogoVinoGravidanza-100x100.jpg 100w, https:\/\/bordonedelpellegrino.it\/wp-content\/uploads\/2023\/08\/LogoVinoGravidanza-892x904.jpg 892w, https:\/\/bordonedelpellegrino.it\/wp-content\/uploads\/2023\/08\/LogoVinoGravidanza-296x300.jpg 296w, https:\/\/bordonedelpellegrino.it\/wp-content\/uploads\/2023\/08\/LogoVinoGravidanza-768x779.jpg 768w\" sizes=\"auto, (max-width: 1000px) 100vw, 1000px\" \/><\/figure><\/div>\n\n<div class=\"wp-block-column is-layout-flow wp-block-column-is-layout-flow\" style=\"flex-basis:99%\"><p>Il consumo di bevande alcoliche durante la gravidanza, anche in piccole quantit\u00e0, pu\u00f2 avere gravi conseguenze per la salute del bambino.<\/p><\/div><\/div><div class=\"wp-block-columns is-layout-flex wp-container-core-columns-is-layout-9d6595d7 wp-block-columns-is-layout-flex\"><div class=\"wp-block-column is-layout-flow wp-block-column-is-layout-flow\" style=\"flex-basis:1%\"><figure class=\"wp-block-image size-full is-resized\"><img loading=\"lazy\" decoding=\"async\" width=\"64\" height=\"64\" src=\"https:\/\/bordonedelpellegrino.it\/wp-content\/uploads\/2023\/08\/planet-earth-small.png\" alt=\"\" class=\"wp-image-1001\" style=\"width:44px;height:undefinedpx\"\/><\/figure><\/div>\n\n<div class=\"wp-block-column is-layout-flow wp-block-column-is-layout-flow\" style=\"flex-basis:99%\"><p>Per tutte le lavorazioni utilizziamo solo energia derivante da fonti rinnovabili e l&#8217;acqua proveniente dalle fonti locali.<\/p><\/div><\/div><h3 class=\"wp-block-heading has-text-align-center\">Raccolta differenziata per un corretto smaltimento<\/h3><figure class=\"wp-block-image size-large\"><img loading=\"lazy\" decoding=\"async\" width=\"1024\" height=\"483\" src=\"https:\/\/bordonedelpellegrino.it\/wp-content\/uploads\/2024\/06\/Etichetta-Riciclo-1024x483.png\" alt=\"\" class=\"wp-image-1157\" srcset=\"https:\/\/bordonedelpellegrino.it\/wp-content\/uploads\/2024\/06\/Etichetta-Riciclo-1024x483.png 1024w, https:\/\/bordonedelpellegrino.it\/wp-content\/uploads\/2024\/06\/Etichetta-Riciclo-892x421.png 892w, https:\/\/bordonedelpellegrino.it\/wp-content\/uploads\/2024\/06\/Etichetta-Riciclo-300x142.png 300w, https:\/\/bordonedelpellegrino.it\/wp-content\/uploads\/2024\/06\/Etichetta-Riciclo-768x362.png 768w, https:\/\/bordonedelpellegrino.it\/wp-content\/uploads\/2024\/06\/Etichetta-Riciclo-1320x623.png 1320w, https:\/\/bordonedelpellegrino.it\/wp-content\/uploads\/2024\/06\/Etichetta-Riciclo.png 1412w\" sizes=\"auto, (max-width: 1024px) 100vw, 1024px\" \/><\/figure>","protected":false},"excerpt":{"rendered":"<p>Il Liquore alle Foglie di Ciliegia \u00e8 un raffinato liquore artigianale che celebra la tradizione e la natura. Prodotto con cura utilizzando foglie di ciliegia selezionate a mano, questo liquore si distingue per il suo sapore unico e affascinante. Le foglie vengono raccolte al culmine della loro freschezza e infuse con vino e alcol di [&hellip;]<\/p>\n","protected":false},"author":1,"featured_media":1004,"parent":0,"menu_order":0,"comment_status":"closed","ping_status":"closed","template":"","meta":{"om_disable_all_campaigns":false,"_monsterinsights_skip_tracking":false,"_monsterinsights_sitenote_active":false,"_monsterinsights_sitenote_note":"","_monsterinsights_sitenote_category":0,"_uf_show_specific_survey":0,"_uf_disable_surveys":false,"footnotes":""},"class_list":["post-1076","page","type-page","status-publish","has-post-thumbnail","hentry"],"aioseo_notices":[],"jetpack_sharing_enabled":true,"_links":{"self":[{"href":"https:\/\/bordonedelpellegrino.it\/index.php\/wp-json\/wp\/v2\/pages\/1076","targetHints":{"allow":["GET"]}}],"collection":[{"href":"https:\/\/bordonedelpellegrino.it\/index.php\/wp-json\/wp\/v2\/pages"}],"about":[{"href":"https:\/\/bordonedelpellegrino.it\/index.php\/wp-json\/wp\/v2\/types\/page"}],"author":[{"embeddable":true,"href":"https:\/\/bordonedelpellegrino.it\/index.php\/wp-json\/wp\/v2\/users\/1"}],"replies":[{"embeddable":true,"href":"https:\/\/bordonedelpellegrino.it\/index.php\/wp-json\/wp\/v2\/comments?post=1076"}],"version-history":[{"count":4,"href":"https:\/\/bordonedelpellegrino.it\/index.php\/wp-json\/wp\/v2\/pages\/1076\/revisions"}],"predecessor-version":[{"id":1175,"href":"https:\/\/bordonedelpellegrino.it\/index.php\/wp-json\/wp\/v2\/pages\/1076\/revisions\/1175"}],"wp:featuredmedia":[{"embeddable":true,"href":"https:\/\/bordonedelpellegrino.it\/index.php\/wp-json\/wp\/v2\/media\/1004"}],"wp:attachment":[{"href":"https:\/\/bordonedelpellegrino.it\/index.php\/wp-json\/wp\/v2\/media?parent=1076"}],"curies":[{"name":"wp","href":"https:\/\/api.w.org\/{rel}","templated":true}]}}