{"id":1017,"date":"2023-11-02T20:39:46","date_gmt":"2023-11-02T19:39:46","guid":{"rendered":"https:\/\/bordonedelpellegrino.it\/?page_id=1017"},"modified":"2023-11-03T16:13:46","modified_gmt":"2023-11-03T15:13:46","slug":"le-terre-di-verdi-e-del-labirinto-della-masone","status":"publish","type":"page","link":"https:\/\/bordonedelpellegrino.it\/index.php\/le-terre-di-verdi-e-del-labirinto-della-masone\/","title":{"rendered":"Le terre di Verdi e del Labirinto della Masone"},"content":{"rendered":"<p>Benvenuti nella nostra pagina dedicata al tour delle Rocche della Bassa Parmense, le terre di Giuseppe Verdi e il Labirinto della Masone di Franco Maria Ricci! Se sei alla ricerca di un&#8217;esperienza autentica, sei nel posto giusto. Abbiamo selezionato per te alcune tappe imperdibili per conoscere al meglio la nostra zona:<\/p><div class=\"wp-block-media-text is-stacked-on-mobile is-image-fill\"><figure class=\"wp-block-media-text__media\" style=\"background-image:url(https:\/\/bordonedelpellegrino.it\/wp-content\/uploads\/2023\/11\/Corte-di-Giarola.jpg);background-position:50% 50%\"><img loading=\"lazy\" decoding=\"async\" width=\"960\" height=\"571\" src=\"https:\/\/bordonedelpellegrino.it\/wp-content\/uploads\/2023\/11\/Corte-di-Giarola.jpg\" alt=\"\" class=\"wp-image-1059 size-full\" srcset=\"https:\/\/bordonedelpellegrino.it\/wp-content\/uploads\/2023\/11\/Corte-di-Giarola.jpg 960w, https:\/\/bordonedelpellegrino.it\/wp-content\/uploads\/2023\/11\/Corte-di-Giarola-892x531.jpg 892w, https:\/\/bordonedelpellegrino.it\/wp-content\/uploads\/2023\/11\/Corte-di-Giarola-300x178.jpg 300w, https:\/\/bordonedelpellegrino.it\/wp-content\/uploads\/2023\/11\/Corte-di-Giarola-768x457.jpg 768w\" sizes=\"auto, (max-width: 960px) 100vw, 960px\" \/><\/figure><div class=\"wp-block-media-text__content\"><p><strong>La Corte di Giarola<\/strong>, immersa nel paesaggio rurale emiliano, \u00e8 un complesso architettonico che rispecchia la tipica struttura agricola della pianura Padana. Con le sue origini che risalgono al XII secolo, \u00e8 stata un importante centro agricolo e di stoccaggio. Oggi, restaurata e conservata, si distingue per la lunga fila di portici e la grande corte centrale, che si apre come un palcoscenico sui campi circostanti. Ospita il Museo del Pomodoro, celebrando la cultura e la tradizione di questo frutto divenuto simbolo della gastronomia locale. La Corte di Giarola \u00e8 un ponte tra passato e presente, un luogo dove la storia si fonde con la valorizzazione dei prodotti del territorio.<\/p><\/div><\/div><div class=\"wp-block-media-text has-media-on-the-right is-stacked-on-mobile is-image-fill\"><div class=\"wp-block-media-text__content\"><p><strong>Fontanellato<\/strong> \u00e8 un affascinante borgo emiliano che avvolge i visitatori nel suo ricco patrimonio storico e artistico. Il cuore del paese \u00e8 la sua Rocca Sanvitale, un castello mozzafiato del XV secolo con fossato ancora pieno d&#8217;acqua, che racchiude al suo interno tesori come la saletta affrescata da Parmigianino. Passeggiando tra le vie tranquille di Fontanellato si possono scoprire antiche chiese, botteghe artigiane e locande accoglienti che offrono squisitezze locali. Il borgo \u00e8 un tuffo nell&#8217;arte rinascimentale, un luogo in cui il tempo sembra essersi fermato, perfetto per gli amanti della storia e della cultura italiana.<\/p><\/div><figure class=\"wp-block-media-text__media\" style=\"background-image:url(https:\/\/bordonedelpellegrino.it\/wp-content\/uploads\/2023\/11\/Rocca-Sanvitale-Fontanellato-Parma.jpg);background-position:50% 50%\"><img loading=\"lazy\" decoding=\"async\" width=\"1000\" height=\"666\" src=\"https:\/\/bordonedelpellegrino.it\/wp-content\/uploads\/2023\/11\/Rocca-Sanvitale-Fontanellato-Parma.jpg\" alt=\"\" class=\"wp-image-1038 size-full\" srcset=\"https:\/\/bordonedelpellegrino.it\/wp-content\/uploads\/2023\/11\/Rocca-Sanvitale-Fontanellato-Parma.jpg 1000w, https:\/\/bordonedelpellegrino.it\/wp-content\/uploads\/2023\/11\/Rocca-Sanvitale-Fontanellato-Parma-892x594.jpg 892w, https:\/\/bordonedelpellegrino.it\/wp-content\/uploads\/2023\/11\/Rocca-Sanvitale-Fontanellato-Parma-300x200.jpg 300w, https:\/\/bordonedelpellegrino.it\/wp-content\/uploads\/2023\/11\/Rocca-Sanvitale-Fontanellato-Parma-768x511.jpg 768w, https:\/\/bordonedelpellegrino.it\/wp-content\/uploads\/2023\/11\/Rocca-Sanvitale-Fontanellato-Parma-150x100.jpg 150w\" sizes=\"auto, (max-width: 1000px) 100vw, 1000px\" \/><\/figure><\/div><div class=\"wp-block-media-text is-stacked-on-mobile is-image-fill\"><figure class=\"wp-block-media-text__media\" style=\"background-image:url(https:\/\/bordonedelpellegrino.it\/wp-content\/uploads\/2023\/11\/Rocca-Soragna.jpg);background-position:50% 50%\"><img loading=\"lazy\" decoding=\"async\" width=\"1000\" height=\"601\" src=\"https:\/\/bordonedelpellegrino.it\/wp-content\/uploads\/2023\/11\/Rocca-Soragna.jpg\" alt=\"\" class=\"wp-image-1041 size-full\" srcset=\"https:\/\/bordonedelpellegrino.it\/wp-content\/uploads\/2023\/11\/Rocca-Soragna.jpg 1000w, https:\/\/bordonedelpellegrino.it\/wp-content\/uploads\/2023\/11\/Rocca-Soragna-892x536.jpg 892w, https:\/\/bordonedelpellegrino.it\/wp-content\/uploads\/2023\/11\/Rocca-Soragna-300x180.jpg 300w, https:\/\/bordonedelpellegrino.it\/wp-content\/uploads\/2023\/11\/Rocca-Soragna-768x462.jpg 768w\" sizes=\"auto, (max-width: 1000px) 100vw, 1000px\" \/><\/figure><div class=\"wp-block-media-text__content\"><p><strong>Soragna<\/strong>, gioiello nel cuore della pianura parmense, \u00e8 famoso per il suo patrimonio storico e culturale, in particolare per la Rocca dei Meli Lupi, fortezza del XIV secolo trasformata in palazzo nobiliare. Il borgo si distingue per le sue stradine acciottolate e le residenze antiche che raccontano secoli di storia. Rinomato per la gastronomia, offre sapori autentici come il formaggio Parmigiano Reggiano e i salumi locali. Soragna \u00e8 anche un crocevia di arte e musica, ospitando annualmente festival che attraggono appassionati da tutto il mondo, mantenendo vivi i legami con la sua ricca tradizione culturale.<\/p><\/div><\/div><div class=\"wp-block-media-text has-media-on-the-right is-stacked-on-mobile is-image-fill\"><div class=\"wp-block-media-text__content\"><p><strong>Busseto<\/strong>, incastonata nel cuore della verde pianura parmense, \u00e8 un borgo ricco di storia e cultura, soprattutto famoso per essere la patria di Giuseppe Verdi. Questa cittadina emana un&#8217;atmosfera ottocentesca, con la sua Piazza Verdi dominata dal monumento dedicato al maestro e la casa natale del compositore nelle vicinanze. Il Teatro Verdi, gioiello storico, regala un tuffo nell&#8217;epoca d&#8217;oro della lirica. Busseto \u00e8 un punto di riferimento per gli amanti della musica, ma anche per chi cerca le tracce del passato nei palazzi e nelle vie che sembrano raccontare le melodie del celebre cittadino. La tradizione culinaria locale, nota per salumi e formaggi, completa l&#8217;esperienza di chi visita questo angolo di Emilia-Romagna.<\/p><\/div><figure class=\"wp-block-media-text__media\" style=\"background-image:url(https:\/\/bordonedelpellegrino.it\/wp-content\/uploads\/2023\/11\/Busseto.jpg);background-position:50% 50%\"><img loading=\"lazy\" decoding=\"async\" width=\"925\" height=\"540\" src=\"https:\/\/bordonedelpellegrino.it\/wp-content\/uploads\/2023\/11\/Busseto.jpg\" alt=\"\" class=\"wp-image-1040 size-full\" srcset=\"https:\/\/bordonedelpellegrino.it\/wp-content\/uploads\/2023\/11\/Busseto.jpg 925w, https:\/\/bordonedelpellegrino.it\/wp-content\/uploads\/2023\/11\/Busseto-892x521.jpg 892w, https:\/\/bordonedelpellegrino.it\/wp-content\/uploads\/2023\/11\/Busseto-300x175.jpg 300w, https:\/\/bordonedelpellegrino.it\/wp-content\/uploads\/2023\/11\/Busseto-768x448.jpg 768w\" sizes=\"auto, (max-width: 925px) 100vw, 925px\" \/><\/figure><\/div><div class=\"wp-block-media-text is-stacked-on-mobile is-image-fill\"><figure class=\"wp-block-media-text__media\" style=\"background-image:url(https:\/\/bordonedelpellegrino.it\/wp-content\/uploads\/2023\/11\/Labirinto-Masone-1024x640.jpg);background-position:50% 50%\"><img loading=\"lazy\" decoding=\"async\" width=\"1024\" height=\"640\" src=\"https:\/\/bordonedelpellegrino.it\/wp-content\/uploads\/2023\/11\/Labirinto-Masone-1024x640.jpg\" alt=\"\" class=\"wp-image-1039 size-full\" srcset=\"https:\/\/bordonedelpellegrino.it\/wp-content\/uploads\/2023\/11\/Labirinto-Masone-1024x640.jpg 1024w, https:\/\/bordonedelpellegrino.it\/wp-content\/uploads\/2023\/11\/Labirinto-Masone-892x558.jpg 892w, https:\/\/bordonedelpellegrino.it\/wp-content\/uploads\/2023\/11\/Labirinto-Masone-300x188.jpg 300w, https:\/\/bordonedelpellegrino.it\/wp-content\/uploads\/2023\/11\/Labirinto-Masone-768x480.jpg 768w, https:\/\/bordonedelpellegrino.it\/wp-content\/uploads\/2023\/11\/Labirinto-Masone.jpg 1200w\" sizes=\"auto, (max-width: 1024px) 100vw, 1024px\" \/><\/figure><div class=\"wp-block-media-text__content\"><p><strong>Il Labirinto della Masone<\/strong> a Fontanellato \u00e8 il pi\u00f9 grande labirinto al mondo realizzato interamente in bamb\u00f9. Questo intrico verde \u00e8 stato ideato dall&#8217;editore d&#8217;arte Franco Maria Ricci come omaggio al concetto di labirinto nella storia e nella letteratura. Si estende su otto ettari e comprende diverse variet\u00e0 di bamb\u00f9, alte fino a 15 metri, che formano un percorso meditativo e sorprendente. Al suo interno, il labirinto nasconde una piazza centrale e racchiude spazi espositivi, una biblioteca e una collezione d&#8217;arte. Visitarlo \u00e8 un&#8217;esperienza sensoriale unica, un viaggio tra natura e cultura nell&#8217;Emilia-Romagna pi\u00f9 nascosta e suggestiva.<\/p><\/div><\/div><p>Utilizza la mappa interattiva per pianificare il tuo itinerario e scopri altre curiosit\u00e0 e aneddoti legati a ogni punto di interesse. Buon tour!<\/p><iframe src=\"https:\/\/www.google.com\/maps\/embed?pb=!1m58!1m12!1m3!1d362455.2212095831!2d9.79291104520549!3d44.78729993096858!2m3!1f0!2f0!3f0!3m2!1i1024!2i768!4f13.1!4m43!3e0!4m5!1s0x478079ca5be6de39%3A0x26079b0d159918f1!2sCastello%20di%20Casola%20PR!3m2!1d44.5937865!2d10.0727402!4m5!1s0x47806f0db6f15cb7%3A0xd4610bda756b8a1!2sCentro%20Visite%20-%20Corte%20Giarola%2C%20Unnamed%20Road%2C43044%2C%2043044%20Collecchio%20PR!3m2!1d44.740219499999995!2d10.1744754!4m5!1s0x47805d205a49d7d5%3A0x19f5f92bf85ffb80!2sFontanellato%2C%20PR!3m2!1d44.8809129!2d10.1719593!4m5!1s0x47805bffd9fef1c3%3A0x2123146686de21!2sSoragna%2C%20PR!3m2!1d44.927301799999995!2d10.126673!4m5!1s0x4780f7d82e7e7f0d%3A0xe06a52d037fd1044!2sBusseto%2C%20PR!3m2!1d44.9808914!2d10.0421712!4m5!1s0x47805d784e632c0b%3A0x20fd7ecd02f8ae5!2sLabirinto%20della%20Masone%2C%20Strada%20Masone%2C%20Fontanellato%2C%20PR!3m2!1d44.853955!2d10.1460479!4m5!1s0x478079ca5be6de39%3A0x26079b0d159918f1!2sCastello%20di%20Casola%20PR!3m2!1d44.5937865!2d10.0727402!5e0!3m2!1sit!2sit!4v1698953895336!5m2!1sit!2sit\" width=\"600\" height=\"450\" style=\"border:0;\" allowfullscreen=\"\" loading=\"lazy\" referrerpolicy=\"no-referrer-when-downgrade\"><\/iframe>","protected":false},"excerpt":{"rendered":"<p>Benvenuti nella nostra pagina dedicata al tour delle Rocche della Bassa Parmense, le terre di Giuseppe Verdi e il Labirinto della Masone di Franco Maria Ricci! Se sei alla ricerca di un&#8217;esperienza autentica, sei nel posto giusto. Abbiamo selezionato per te alcune tappe imperdibili per conoscere al meglio la nostra zona: La Corte di Giarola, [&hellip;]<\/p>\n","protected":false},"author":1,"featured_media":865,"parent":0,"menu_order":0,"comment_status":"closed","ping_status":"closed","template":"","meta":{"om_disable_all_campaigns":false,"_monsterinsights_skip_tracking":false,"_monsterinsights_sitenote_active":false,"_monsterinsights_sitenote_note":"","_monsterinsights_sitenote_category":0,"_uf_show_specific_survey":0,"_uf_disable_surveys":false,"footnotes":""},"class_list":["post-1017","page","type-page","status-publish","has-post-thumbnail","hentry"],"aioseo_notices":[],"jetpack_sharing_enabled":true,"_links":{"self":[{"href":"https:\/\/bordonedelpellegrino.it\/index.php\/wp-json\/wp\/v2\/pages\/1017","targetHints":{"allow":["GET"]}}],"collection":[{"href":"https:\/\/bordonedelpellegrino.it\/index.php\/wp-json\/wp\/v2\/pages"}],"about":[{"href":"https:\/\/bordonedelpellegrino.it\/index.php\/wp-json\/wp\/v2\/types\/page"}],"author":[{"embeddable":true,"href":"https:\/\/bordonedelpellegrino.it\/index.php\/wp-json\/wp\/v2\/users\/1"}],"replies":[{"embeddable":true,"href":"https:\/\/bordonedelpellegrino.it\/index.php\/wp-json\/wp\/v2\/comments?post=1017"}],"version-history":[{"count":4,"href":"https:\/\/bordonedelpellegrino.it\/index.php\/wp-json\/wp\/v2\/pages\/1017\/revisions"}],"predecessor-version":[{"id":1061,"href":"https:\/\/bordonedelpellegrino.it\/index.php\/wp-json\/wp\/v2\/pages\/1017\/revisions\/1061"}],"wp:featuredmedia":[{"embeddable":true,"href":"https:\/\/bordonedelpellegrino.it\/index.php\/wp-json\/wp\/v2\/media\/865"}],"wp:attachment":[{"href":"https:\/\/bordonedelpellegrino.it\/index.php\/wp-json\/wp\/v2\/media?parent=1017"}],"curies":[{"name":"wp","href":"https:\/\/api.w.org\/{rel}","templated":true}]}}